{"id":1066,"date":"2025-04-07T01:12:18","date_gmt":"2025-04-06T23:12:18","guid":{"rendered":"https:\/\/lamariniere.be\/?page_id=1066"},"modified":"2026-01-09T10:00:21","modified_gmt":"2026-01-09T09:00:21","slug":"sage-femme","status":"publish","type":"page","link":"https:\/\/lamariniere.be\/index.php\/sage-femme\/","title":{"rendered":"Sage-femme"},"content":{"rendered":"\t\t<div data-elementor-type=\"wp-page\" data-elementor-id=\"1066\" class=\"elementor elementor-1066\">\n\t\t\t\t<div class=\"elementor-element elementor-element-2f49da2b e-flex e-con-boxed e-con e-parent\" data-id=\"2f49da2b\" data-element_type=\"container\">\n\t\t\t\t\t<div class=\"e-con-inner\">\n\t\t\t\t<div class=\"elementor-element elementor-element-5be65581 elementor-widget elementor-widget-spacer\" data-id=\"5be65581\" data-element_type=\"widget\" data-widget_type=\"spacer.default\">\n\t\t\t\t<div class=\"elementor-widget-container\">\n\t\t\t\t\t\t\t<div class=\"elementor-spacer\">\n\t\t\t<div class=\"elementor-spacer-inner\"><\/div>\n\t\t<\/div>\n\t\t\t\t\t\t<\/div>\n\t\t\t\t<\/div>\n\t\t\t\t\t<\/div>\n\t\t\t\t<\/div>\n\t\t<div class=\"elementor-element elementor-element-45b190e e-flex e-con-boxed e-con e-parent\" data-id=\"45b190e\" data-element_type=\"container\">\n\t\t\t\t\t<div class=\"e-con-inner\">\n\t\t\t\t<div class=\"elementor-element elementor-element-58a9152a elementor-widget elementor-widget-heading\" data-id=\"58a9152a\" data-element_type=\"widget\" data-widget_type=\"heading.default\">\n\t\t\t\t<div class=\"elementor-widget-container\">\n\t\t\t\t\t<h2 class=\"elementor-heading-title elementor-size-default\">Sage-Femme<\/h2>\t\t\t\t<\/div>\n\t\t\t\t<\/div>\n\t\t\t\t\t<\/div>\n\t\t\t\t<\/div>\n\t\t<div class=\"elementor-element elementor-element-37664a41 e-flex e-con-boxed e-con e-parent\" data-id=\"37664a41\" data-element_type=\"container\">\n\t\t\t\t\t<div class=\"e-con-inner\">\n\t\t<div class=\"elementor-element elementor-element-2a0036e7 e-con-full e-flex e-con e-child\" data-id=\"2a0036e7\" data-element_type=\"container\">\n\t\t\t\t<\/div>\n\t\t<div class=\"elementor-element elementor-element-3f60f3b6 e-con-full e-flex e-con e-child\" data-id=\"3f60f3b6\" data-element_type=\"container\">\n\t\t\t\t<div class=\"elementor-element elementor-element-52b3b55 elementor-widget elementor-widget-image\" data-id=\"52b3b55\" data-element_type=\"widget\" data-widget_type=\"image.default\">\n\t\t\t\t<div class=\"elementor-widget-container\">\n\t\t\t\t\t\t\t\t\t\t\t\t\t\t\t<img fetchpriority=\"high\" decoding=\"async\" width=\"1024\" height=\"1024\" src=\"https:\/\/lamariniere.be\/wp-content\/uploads\/2025\/01\/smiley-woman-doctor-chatting-scaled-e1740406337438-1024x1024.jpg\" class=\"attachment-large size-large wp-image-616\" alt=\"\" srcset=\"https:\/\/lamariniere.be\/wp-content\/uploads\/2025\/01\/smiley-woman-doctor-chatting-scaled-e1740406337438-1024x1024.jpg 1024w, https:\/\/lamariniere.be\/wp-content\/uploads\/2025\/01\/smiley-woman-doctor-chatting-scaled-e1740406337438-300x300.jpg 300w, https:\/\/lamariniere.be\/wp-content\/uploads\/2025\/01\/smiley-woman-doctor-chatting-scaled-e1740406337438-150x150.jpg 150w, https:\/\/lamariniere.be\/wp-content\/uploads\/2025\/01\/smiley-woman-doctor-chatting-scaled-e1740406337438-768x768.jpg 768w, https:\/\/lamariniere.be\/wp-content\/uploads\/2025\/01\/smiley-woman-doctor-chatting-scaled-e1740406337438-1536x1536.jpg 1536w, https:\/\/lamariniere.be\/wp-content\/uploads\/2025\/01\/smiley-woman-doctor-chatting-scaled-e1740406337438-160x160.jpg 160w, https:\/\/lamariniere.be\/wp-content\/uploads\/2025\/01\/smiley-woman-doctor-chatting-scaled-e1740406337438.jpg 1707w\" sizes=\"(max-width: 1024px) 100vw, 1024px\" \/>\t\t\t\t\t\t\t\t\t\t\t\t\t\t\t<\/div>\n\t\t\t\t<\/div>\n\t\t\t\t<\/div>\n\t\t<div class=\"elementor-element elementor-element-36810c6b e-con-full e-flex e-con e-child\" data-id=\"36810c6b\" data-element_type=\"container\">\n\t\t\t\t<\/div>\n\t\t\t\t\t<\/div>\n\t\t\t\t<\/div>\n\t\t<div class=\"elementor-element elementor-element-b0fcf82 e-flex e-con-boxed e-con e-parent\" data-id=\"b0fcf82\" data-element_type=\"container\">\n\t\t\t\t\t<div class=\"e-con-inner\">\n\t\t\t\t<div class=\"elementor-element elementor-element-a513a93 elementor-widget elementor-widget-text-editor\" data-id=\"a513a93\" data-element_type=\"widget\" data-widget_type=\"text-editor.default\">\n\t\t\t\t<div class=\"elementor-widget-container\">\n\t\t\t\t\t\t\t\t\t<p data-pm-slice=\"1 1 []\">Dans notre centre de sant\u00e9, la sage-femme occupe une place essentielle pour accompagner les femmes dans les diff\u00e9rents moments-cl\u00e9s de leur vie. Avec douceur, comp\u00e9tence et \u00e9coute, elle assure un suivi m\u00e9dical personnalis\u00e9 autour de la grossesse, de la naissance et bien au-del\u00e0.<\/p>\n<p data-pm-slice=\"1 1 []\">\u00a0<\/p>\n<p><!-- \/wp:paragraph --><!-- wp:heading {\"level\":3} --><\/p>\t\t\t\t\t\t\t\t<\/div>\n\t\t\t\t<\/div>\n\t\t\t\t\t<\/div>\n\t\t\t\t<\/div>\n\t\t<div class=\"elementor-element elementor-element-447cf8dc e-con-full e-flex e-con e-parent\" data-id=\"447cf8dc\" data-element_type=\"container\" data-settings=\"{&quot;background_background&quot;:&quot;classic&quot;}\">\n\t\t\t\t<div class=\"elementor-element elementor-element-77eaa606 elementor-widget elementor-widget-text-editor\" data-id=\"77eaa606\" data-element_type=\"widget\" data-widget_type=\"text-editor.default\">\n\t\t\t\t<div class=\"elementor-widget-container\">\n\t\t\t\t\t\t\t\t\t<h3 data-pm-slice=\"1 3 []\"><strong>Un accompagnement global et humain<\/strong><\/h3>\n<p>Le r\u00f4le de la sage-femme ne se limite pas \u00e0 l&rsquo;accouchement. Elle accompagne les femmes dans toutes les \u00e9tapes de leur sant\u00e9 gyn\u00e9cologique et reproductive :<\/p>\n<ul data-spread=\"false\">\n<li>\n<p>Suivi de grossesse physiologique<\/p>\n<\/li>\n<li>\n<p>Pr\u00e9paration \u00e0 la naissance<\/p>\n<\/li>\n<li>\n<p>Accompagnement postnatal<\/p>\n<\/li>\n<li>\n<p>Suivi gyn\u00e9cologique de pr\u00e9vention<\/p>\n<\/li>\n<li>\n<p>Conseils en contraception<\/p>\n<\/li>\n<\/ul>\n<p><!-- \/wp:paragraph --><\/p>\t\t\t\t\t\t\t\t<\/div>\n\t\t\t\t<\/div>\n\t\t\t\t<\/div>\n\t\t<div class=\"elementor-element elementor-element-29972426 e-flex e-con-boxed e-con e-parent\" data-id=\"29972426\" data-element_type=\"container\">\n\t\t\t\t\t<div class=\"e-con-inner\">\n\t\t\t\t<div class=\"elementor-element elementor-element-4e5b2a3a elementor-widget elementor-widget-spacer\" data-id=\"4e5b2a3a\" data-element_type=\"widget\" data-widget_type=\"spacer.default\">\n\t\t\t\t<div class=\"elementor-widget-container\">\n\t\t\t\t\t\t\t<div class=\"elementor-spacer\">\n\t\t\t<div class=\"elementor-spacer-inner\"><\/div>\n\t\t<\/div>\n\t\t\t\t\t\t<\/div>\n\t\t\t\t<\/div>\n\t\t\t\t\t<\/div>\n\t\t\t\t<\/div>\n\t\t<div class=\"elementor-element elementor-element-66b5ecbd e-flex e-con-boxed e-con e-parent\" data-id=\"66b5ecbd\" data-element_type=\"container\">\n\t\t\t\t\t<div class=\"e-con-inner\">\n\t\t\t\t<div class=\"elementor-element elementor-element-6b12edcf elementor-widget elementor-widget-text-editor\" data-id=\"6b12edcf\" data-element_type=\"widget\" data-widget_type=\"text-editor.default\">\n\t\t\t\t<div class=\"elementor-widget-container\">\n\t\t\t\t\t\t\t\t\t<h3 data-pm-slice=\"1 3 []\"><strong>Pourquoi consulter une sage-femme ?<\/strong><\/h3>\n<p>\u00a0<\/p>\n<ul data-spread=\"false\">\n<li>\n<p>Pour un suivi de grossesse rassurant et personnalis\u00e9<\/p>\n<\/li>\n<li>\n<p>Pour pr\u00e9parer sereinement l&rsquo;arriv\u00e9e de b\u00e9b\u00e9<\/p>\n<\/li>\n<li>\n<p>Pour un accompagnement en douceur apr\u00e8s l&rsquo;accouchement<\/p>\n<\/li>\n<li>\n<p>Pour des conseils en sant\u00e9 f\u00e9minine, \u00e0 tous les \u00e2ges de la vie<\/p>\n<\/li>\n<\/ul>\n<ul class=\"wp-block-list\"><!-- \/wp:list-item --><\/ul>\n<p><!-- \/wp:list --><\/p>\t\t\t\t\t\t\t\t<\/div>\n\t\t\t\t<\/div>\n\t\t\t\t\t<\/div>\n\t\t\t\t<\/div>\n\t\t<div class=\"elementor-element elementor-element-908a9cc e-flex e-con-boxed e-con e-parent\" data-id=\"908a9cc\" data-element_type=\"container\">\n\t\t\t\t\t<div class=\"e-con-inner\">\n\t\t\t\t<div class=\"elementor-element elementor-element-0729fd2 elementor-widget elementor-widget-spacer\" data-id=\"0729fd2\" data-element_type=\"widget\" data-widget_type=\"spacer.default\">\n\t\t\t\t<div class=\"elementor-widget-container\">\n\t\t\t\t\t\t\t<div class=\"elementor-spacer\">\n\t\t\t<div class=\"elementor-spacer-inner\"><\/div>\n\t\t<\/div>\n\t\t\t\t\t\t<\/div>\n\t\t\t\t<\/div>\n\t\t\t\t\t<\/div>\n\t\t\t\t<\/div>\n\t\t<div class=\"elementor-element elementor-element-7fbc93b6 e-flex e-con-boxed e-con e-parent\" data-id=\"7fbc93b6\" data-element_type=\"container\" data-settings=\"{&quot;background_background&quot;:&quot;classic&quot;}\">\n\t\t\t\t\t<div class=\"e-con-inner\">\n\t\t\t\t<div class=\"elementor-element elementor-element-3d8760b5 elementor-widget elementor-widget-text-editor\" data-id=\"3d8760b5\" data-element_type=\"widget\" data-widget_type=\"text-editor.default\">\n\t\t\t\t<div class=\"elementor-widget-container\">\n\t\t\t\t\t\t\t\t\t<h3 data-pm-slice=\"1 1 []\"><strong>Un engagement pour votre sant\u00e9 et celle de votre b\u00e9b\u00e9<\/strong><\/h3>\n<p>\u00a0<\/p>\n<p>Notre sage-femme travaille en lien avec les autres professionnels du centre pour assurer une prise en charge globale, s\u00fbre et coordonn\u00e9e. Que vous soyez enceinte, jeune maman ou simplement en recherche d&rsquo;un suivi pr\u00e9ventif, vous \u00eates la bienvenue.<\/p>\n<p>\u00a0<\/p>\n<p>Prenez rendez-vous et venez vivre un accompagnement sur mesure, en toute confiance.<\/p>\n<p><!-- \/wp:paragraph --><\/p>\t\t\t\t\t\t\t\t<\/div>\n\t\t\t\t<\/div>\n\t\t\t\t\t<\/div>\n\t\t\t\t<\/div>\n\t\t<div class=\"elementor-element elementor-element-7712ce2a e-grid e-con-boxed e-con e-parent\" data-id=\"7712ce2a\" data-element_type=\"container\">\n\t\t\t\t\t<div class=\"e-con-inner\">\n\t\t\t\t<div class=\"elementor-element elementor-element-0c94219 elementor-widget elementor-widget-image\" data-id=\"0c94219\" data-element_type=\"widget\" data-widget_type=\"image.default\">\n\t\t\t\t<div class=\"elementor-widget-container\">\n\t\t\t\t\t\t\t\t\t\t\t\t\t\t\t<img decoding=\"async\" width=\"1024\" height=\"1024\" src=\"https:\/\/lamariniere.be\/wp-content\/uploads\/2025\/03\/Post-instagram-nouveau-Studio-moderne-minimaliste-jaune-noir-blanc-5-1024x1024.png\" class=\"attachment-large size-large wp-image-988\" alt=\"\" srcset=\"https:\/\/lamariniere.be\/wp-content\/uploads\/2025\/03\/Post-instagram-nouveau-Studio-moderne-minimaliste-jaune-noir-blanc-5-1024x1024.png 1024w, https:\/\/lamariniere.be\/wp-content\/uploads\/2025\/03\/Post-instagram-nouveau-Studio-moderne-minimaliste-jaune-noir-blanc-5-300x300.png 300w, https:\/\/lamariniere.be\/wp-content\/uploads\/2025\/03\/Post-instagram-nouveau-Studio-moderne-minimaliste-jaune-noir-blanc-5-150x150.png 150w, https:\/\/lamariniere.be\/wp-content\/uploads\/2025\/03\/Post-instagram-nouveau-Studio-moderne-minimaliste-jaune-noir-blanc-5-768x768.png 768w, https:\/\/lamariniere.be\/wp-content\/uploads\/2025\/03\/Post-instagram-nouveau-Studio-moderne-minimaliste-jaune-noir-blanc-5-160x160.png 160w, https:\/\/lamariniere.be\/wp-content\/uploads\/2025\/03\/Post-instagram-nouveau-Studio-moderne-minimaliste-jaune-noir-blanc-5.png 1080w\" sizes=\"(max-width: 1024px) 100vw, 1024px\" \/>\t\t\t\t\t\t\t\t\t\t\t\t\t\t\t<\/div>\n\t\t\t\t<\/div>\n\t\t\t\t\t<\/div>\n\t\t\t\t<\/div>\n\t\t<div class=\"elementor-element elementor-element-64896 e-grid e-con-boxed e-con e-parent\" data-id=\"64896\" data-element_type=\"container\">\n\t\t\t\t\t<div class=\"e-con-inner\">\n\t\t\t\t<div class=\"elementor-element elementor-element-f2bf0c3 elementor-widget elementor-widget-text-editor\" data-id=\"f2bf0c3\" data-element_type=\"widget\" data-widget_type=\"text-editor.default\">\n\t\t\t\t<div class=\"elementor-widget-container\">\n\t\t\t\t\t\t\t\t\t<p><a href=\"https:\/\/lamariniere.be\/index.php\/laura-scipioni\/\" data-type=\"page\" data-id=\"675\">Laura Scipioni<\/a><\/p>\t\t\t\t\t\t\t\t<\/div>\n\t\t\t\t<\/div>\n\t\t\t\t\t<\/div>\n\t\t\t\t<\/div>\n\t\t<div class=\"elementor-element elementor-element-68bd6fd8 e-grid e-con-boxed e-con e-parent\" data-id=\"68bd6fd8\" data-element_type=\"container\">\n\t\t\t\t\t<div class=\"e-con-inner\">\n\t\t\t\t<div class=\"elementor-element elementor-element-a6ffe61 elementor-align-center elementor-widget elementor-widget-button\" data-id=\"a6ffe61\" data-element_type=\"widget\" data-widget_type=\"button.default\">\n\t\t\t\t<div class=\"elementor-widget-container\">\n\t\t\t\t\t\t\t\t\t<div class=\"elementor-button-wrapper\">\n\t\t\t\t\t<a class=\"elementor-button elementor-button-link elementor-size-sm\" href=\"https:\/\/rosa.be\/fr\/hp\/laura-scipioni\/\">\n\t\t\t\t\t\t<span class=\"elementor-button-content-wrapper\">\n\t\t\t\t\t\t\t\t\t<span class=\"elementor-button-text\">Cliquez ici<\/span>\n\t\t\t\t\t<\/span>\n\t\t\t\t\t<\/a>\n\t\t\t\t<\/div>\n\t\t\t\t\t\t\t\t<\/div>\n\t\t\t\t<\/div>\n\t\t\t\t\t<\/div>\n\t\t\t\t<\/div>\n\t\t<div class=\"elementor-element elementor-element-317cbd88 e-flex e-con-boxed e-con e-parent\" data-id=\"317cbd88\" data-element_type=\"container\">\n\t\t\t\t\t<div class=\"e-con-inner\">\n\t\t\t\t<div class=\"elementor-element elementor-element-220084cf elementor-widget elementor-widget-spacer\" data-id=\"220084cf\" data-element_type=\"widget\" data-widget_type=\"spacer.default\">\n\t\t\t\t<div class=\"elementor-widget-container\">\n\t\t\t\t\t\t\t<div class=\"elementor-spacer\">\n\t\t\t<div class=\"elementor-spacer-inner\"><\/div>\n\t\t<\/div>\n\t\t\t\t\t\t<\/div>\n\t\t\t\t<\/div>\n\t\t\t\t\t<\/div>\n\t\t\t\t<\/div>\n\t\t\t\t<\/div>\n\t\t","protected":false},"excerpt":{"rendered":"<p>Sage-Femme Dans notre centre de sant\u00e9, la sage-femme occupe une place essentielle pour accompagner les femmes dans les diff\u00e9rents moments-cl\u00e9s de leur vie. Avec douceur, comp\u00e9tence et \u00e9coute, elle assure un suivi m\u00e9dical personnalis\u00e9 autour de la grossesse, de la naissance et bien au-del\u00e0. \u00a0 Un accompagnement global et humain Le r\u00f4le de la sage-femme [&hellip;]<\/p>\n","protected":false},"author":3,"featured_media":0,"parent":0,"menu_order":0,"comment_status":"closed","ping_status":"closed","template":"","meta":{"footnotes":""},"class_list":["post-1066","page","type-page","status-publish","hentry"],"_links":{"self":[{"href":"https:\/\/lamariniere.be\/index.php\/wp-json\/wp\/v2\/pages\/1066","targetHints":{"allow":["GET"]}}],"collection":[{"href":"https:\/\/lamariniere.be\/index.php\/wp-json\/wp\/v2\/pages"}],"about":[{"href":"https:\/\/lamariniere.be\/index.php\/wp-json\/wp\/v2\/types\/page"}],"author":[{"embeddable":true,"href":"https:\/\/lamariniere.be\/index.php\/wp-json\/wp\/v2\/users\/3"}],"replies":[{"embeddable":true,"href":"https:\/\/lamariniere.be\/index.php\/wp-json\/wp\/v2\/comments?post=1066"}],"version-history":[{"count":7,"href":"https:\/\/lamariniere.be\/index.php\/wp-json\/wp\/v2\/pages\/1066\/revisions"}],"predecessor-version":[{"id":1274,"href":"https:\/\/lamariniere.be\/index.php\/wp-json\/wp\/v2\/pages\/1066\/revisions\/1274"}],"wp:attachment":[{"href":"https:\/\/lamariniere.be\/index.php\/wp-json\/wp\/v2\/media?parent=1066"}],"curies":[{"name":"wp","href":"https:\/\/api.w.org\/{rel}","templated":true}]}}