{"id":1210,"date":"2025-09-05T13:39:12","date_gmt":"2025-09-05T11:39:12","guid":{"rendered":"https:\/\/lamariniere.be\/?page_id=1210"},"modified":"2025-09-09T14:02:05","modified_gmt":"2025-09-09T12:02:05","slug":"zakaria-johri","status":"publish","type":"page","link":"https:\/\/lamariniere.be\/index.php\/zakaria-johri\/","title":{"rendered":"Zakaria JOHRI"},"content":{"rendered":"\n<p>Kin\u00e9sith\u00e9rapeute, j\u2019exerce le matin au sein du service de chirurgie orthop\u00e9dique de l\u2019H\u00f4pital Civil Marie Curie<\/p>\n\n\n\n<p>J&rsquo;offre une prise en charge personnalis\u00e9e, adapt\u00e9e aux besoins sp\u00e9cifiques de chaque patient, avec \u00e9coute et bienveillance<\/p>\n\n\n\n<p>En parall\u00e8le, je poursuis une formation en ost\u00e9opathie, ce qui me permet d\u2019int\u00e9grer une approche globale et compl\u00e9mentaire<\/p>\n\n\n\n<p>\ud83d\udcde T\u00e9l\u00e9phone : +32 493 69 49 58<br>\ud83d\udce7 Email : johrizakaria@gmail.com<\/p>\n\n\n\n<p>\u2139\ufe0f Merci d\u2019annuler votre rendez-vous au minimum 24h \u00e0 l\u2019avance en cas d\u2019emp\u00eachement<br>\u26a0\ufe0f Tout rendez-vous non annul\u00e9 sera factur\u00e9<\/p>\n","protected":false},"excerpt":{"rendered":"<p>Kin\u00e9sith\u00e9rapeute, j\u2019exerce le matin au sein du service de chirurgie orthop\u00e9dique de l\u2019H\u00f4pital Civil Marie Curie J&rsquo;offre une prise en charge personnalis\u00e9e, adapt\u00e9e aux besoins sp\u00e9cifiques de chaque patient, avec \u00e9coute et bienveillance En parall\u00e8le, je poursuis une formation en ost\u00e9opathie, ce qui me permet d\u2019int\u00e9grer une approche globale et compl\u00e9mentaire \ud83d\udcde T\u00e9l\u00e9phone : +32 [&hellip;]<\/p>\n","protected":false},"author":1,"featured_media":0,"parent":0,"menu_order":0,"comment_status":"closed","ping_status":"closed","template":"","meta":{"footnotes":""},"class_list":["post-1210","page","type-page","status-publish","hentry"],"_links":{"self":[{"href":"https:\/\/lamariniere.be\/index.php\/wp-json\/wp\/v2\/pages\/1210","targetHints":{"allow":["GET"]}}],"collection":[{"href":"https:\/\/lamariniere.be\/index.php\/wp-json\/wp\/v2\/pages"}],"about":[{"href":"https:\/\/lamariniere.be\/index.php\/wp-json\/wp\/v2\/types\/page"}],"author":[{"embeddable":true,"href":"https:\/\/lamariniere.be\/index.php\/wp-json\/wp\/v2\/users\/1"}],"replies":[{"embeddable":true,"href":"https:\/\/lamariniere.be\/index.php\/wp-json\/wp\/v2\/comments?post=1210"}],"version-history":[{"count":3,"href":"https:\/\/lamariniere.be\/index.php\/wp-json\/wp\/v2\/pages\/1210\/revisions"}],"predecessor-version":[{"id":1224,"href":"https:\/\/lamariniere.be\/index.php\/wp-json\/wp\/v2\/pages\/1210\/revisions\/1224"}],"wp:attachment":[{"href":"https:\/\/lamariniere.be\/index.php\/wp-json\/wp\/v2\/media?parent=1210"}],"curies":[{"name":"wp","href":"https:\/\/api.w.org\/{rel}","templated":true}]}}