{"id":219,"date":"2023-08-17T22:23:23","date_gmt":"2023-08-17T20:23:23","guid":{"rendered":"https:\/\/lamariniere.be\/?page_id=219"},"modified":"2026-02-13T12:46:59","modified_gmt":"2026-02-13T11:46:59","slug":"valeriane","status":"publish","type":"page","link":"https:\/\/lamariniere.be\/index.php\/valeriane\/","title":{"rendered":"Val\u00e9riane LEFEVRE: Kin\u00e9sith\u00e9rapeute sp\u00e9cialis\u00e9e en r\u00e9\u00e9ducation p\u00e9rin\u00e9ale \u00e0 Ch\u00e2telet et Charleroi"},"content":{"rendered":"\n<p><\/p>\n\n\n\n<p>Val\u00e9riane Lef\u00e8vre est kin\u00e9sith\u00e9rapeute sp\u00e9cialis\u00e9e en r\u00e9\u00e9ducation du p\u00e9rin\u00e9e, douleurs pelviennes et post-natal.<\/p>\n\n\n\n<p>C&rsquo;est aussi la fondatrice et la g\u00e9rante de l&rsquo;Espace Sant\u00e9 La Marini\u00e8re. Apr\u00e8s de nombreuses formations et la d\u00e9couverte de la maternit\u00e9, elle a d\u00e9cid\u00e9 d&rsquo;ouvrir cet espace pluridisciplinaire pour accompagner les femmes enceintes, les jeunes mamans et les enfants.<\/p>\n\n\n\n<p>Val\u00e9riane Lef\u00e8vre est sp\u00e9cialis\u00e9e en p\u00e9rin\u00e9ologie adulte, et \u00e9galement dans la r\u00e9\u00e9ducation post cancer du sein. Voici ses domaines d&rsquo;actions:<\/p>\n\n\n\n<div class=\"wp-block-columns is-layout-flex wp-container-core-columns-is-layout-9d6595d7 wp-block-columns-is-layout-flex\">\n<div class=\"wp-block-column is-layout-flow wp-block-column-is-layout-flow\">\n<p>\u2022Pr\u00e9paration \u00e0 l\u2019accouchement<\/p>\n\n\n\n<p>\u2022R\u00e9\u00e9ducation du p\u00e9rin\u00e9e en post-partum<\/p>\n\n\n\n<p>\u2022Incontinence, constipation<\/p>\n\n\n\n<p>\u2022Prolapsus<\/p>\n\n\n\n<p>\u2022P\u00e9diatrie (encopr\u00e9sie, \u00e9nur\u00e9sie,&#8230;)<\/p>\n\n\n\n<p>\u2022Vaginisme, sexologie<\/p>\n\n\n\n<p>\u2022Endom\u00e9triose et douleurs pelviennes chroniques<\/p>\n\n\n\n<p>\u2022 R\u00e9\u00e9ducation du p\u00e9rin\u00e9e post-prostatectomie<\/p>\n\n\n\n<p>\u2022Lymphoedeme<\/p>\n\n\n\n<p>\u2022Traitement des cicatrices<\/p>\n<\/div>\n\n\n\n<div class=\"wp-block-column is-layout-flow wp-block-column-is-layout-flow\">\n<figure class=\"wp-block-image size-full\"><img fetchpriority=\"high\" decoding=\"async\" width=\"347\" height=\"234\" src=\"https:\/\/lamariniere.be\/wp-content\/uploads\/2025\/02\/OIP.jpg\" alt=\"\" class=\"wp-image-738\" srcset=\"https:\/\/lamariniere.be\/wp-content\/uploads\/2025\/02\/OIP.jpg 347w, https:\/\/lamariniere.be\/wp-content\/uploads\/2025\/02\/OIP-300x202.jpg 300w\" sizes=\"(max-width: 347px) 100vw, 347px\" \/><\/figure>\n\n\n\n<p><\/p>\n\n\n\n<p><\/p>\n<\/div>\n<\/div>\n\n\n\n<div class=\"wp-block-columns is-layout-flex wp-container-core-columns-is-layout-9d6595d7 wp-block-columns-is-layout-flex\">\n<div class=\"wp-block-column is-layout-flow wp-block-column-is-layout-flow\">\n<div class=\"wp-block-columns is-layout-flex wp-container-core-columns-is-layout-9d6595d7 wp-block-columns-is-layout-flex\">\n<div class=\"wp-block-column is-layout-flow wp-block-column-is-layout-flow\" style=\"flex-basis:33.33%\">\n<figure class=\"wp-block-image size-full\"><img decoding=\"async\" width=\"507\" height=\"143\" src=\"https:\/\/lamariniere.be\/wp-content\/uploads\/2025\/02\/Capture-decran-2025-02-18-211301.png\" alt=\"\" class=\"wp-image-741\" srcset=\"https:\/\/lamariniere.be\/wp-content\/uploads\/2025\/02\/Capture-decran-2025-02-18-211301.png 507w, https:\/\/lamariniere.be\/wp-content\/uploads\/2025\/02\/Capture-decran-2025-02-18-211301-300x85.png 300w\" sizes=\"(max-width: 507px) 100vw, 507px\" \/><\/figure>\n<\/div>\n\n\n\n<div class=\"wp-block-column is-layout-flow wp-block-column-is-layout-flow\" style=\"flex-basis:66.66%\">\n<p class=\"has-text-align-left\">Membre de la <a href=\"https:\/\/www.ghdc.be\/services\/clinique-de-la-sexualite\">clinique de la sexologie<\/a> du GhDC<\/p>\n\n\n\n<p class=\"has-text-align-left\">Membre de la <a href=\"https:\/\/www.ghdc.be\/services\/clinique-de-lendometriose-et-de-la-douleur-pelvienne-chronique\">clinique de l&rsquo;endom\u00e9triose<\/a><\/p>\n\n\n\n<p class=\"has-text-align-left\">et des douleurs pelviennes du GhDC<\/p>\n<\/div>\n<\/div>\n<\/div>\n<\/div>\n\n\n\n<p><\/p>\n","protected":false},"excerpt":{"rendered":"<p>Val\u00e9riane Lef\u00e8vre est kin\u00e9sith\u00e9rapeute sp\u00e9cialis\u00e9e en r\u00e9\u00e9ducation du p\u00e9rin\u00e9e, douleurs pelviennes et post-natal. C&rsquo;est aussi la fondatrice et la g\u00e9rante de l&rsquo;Espace Sant\u00e9 La Marini\u00e8re. Apr\u00e8s de nombreuses formations et la d\u00e9couverte de la maternit\u00e9, elle a d\u00e9cid\u00e9 d&rsquo;ouvrir cet espace pluridisciplinaire pour accompagner les femmes enceintes, les jeunes mamans et les enfants. Val\u00e9riane Lef\u00e8vre [&hellip;]<\/p>\n","protected":false},"author":2,"featured_media":0,"parent":0,"menu_order":0,"comment_status":"closed","ping_status":"closed","template":"","meta":{"footnotes":""},"class_list":["post-219","page","type-page","status-publish","hentry"],"_links":{"self":[{"href":"https:\/\/lamariniere.be\/index.php\/wp-json\/wp\/v2\/pages\/219","targetHints":{"allow":["GET"]}}],"collection":[{"href":"https:\/\/lamariniere.be\/index.php\/wp-json\/wp\/v2\/pages"}],"about":[{"href":"https:\/\/lamariniere.be\/index.php\/wp-json\/wp\/v2\/types\/page"}],"author":[{"embeddable":true,"href":"https:\/\/lamariniere.be\/index.php\/wp-json\/wp\/v2\/users\/2"}],"replies":[{"embeddable":true,"href":"https:\/\/lamariniere.be\/index.php\/wp-json\/wp\/v2\/comments?post=219"}],"version-history":[{"count":15,"href":"https:\/\/lamariniere.be\/index.php\/wp-json\/wp\/v2\/pages\/219\/revisions"}],"predecessor-version":[{"id":1283,"href":"https:\/\/lamariniere.be\/index.php\/wp-json\/wp\/v2\/pages\/219\/revisions\/1283"}],"wp:attachment":[{"href":"https:\/\/lamariniere.be\/index.php\/wp-json\/wp\/v2\/media?parent=219"}],"curies":[{"name":"wp","href":"https:\/\/api.w.org\/{rel}","templated":true}]}}