{"id":480,"date":"2024-06-04T15:55:17","date_gmt":"2024-06-04T13:55:17","guid":{"rendered":"https:\/\/lamariniere.be\/?page_id=480"},"modified":"2025-03-10T19:57:49","modified_gmt":"2025-03-10T18:57:49","slug":"laetitia-dos-santos","status":"publish","type":"page","link":"https:\/\/lamariniere.be\/index.php\/laetitia-dos-santos\/","title":{"rendered":"La\u00ebtitia VERRY"},"content":{"rendered":"\n<p>La\u00ebtitia Verry, psychologue et sexologue passionn\u00e9e, je travaille avec une approche humaine et bienveillante. Dipl\u00f4m\u00e9e en psychologie et en sexologie, j&rsquo;accompagne mes patients avec une \u00e9coute active et un engagement authentique. Mon objectif est de cr\u00e9er un espace s\u00fbr et respectueux o\u00f9 chacun peut explorer et surmonter ses d\u00e9fis personnels, relationnels et\/ou sexuels. Forte d&rsquo;une exp\u00e9rience aupr\u00e8s de divers profils, je m&rsquo;efforce de r\u00e9pondre aux besoins sp\u00e9cifiques de chaque individu. Ensemble, nous travaillerons \u00e0 vous sentir mieux dans votre vie.<\/p>\n","protected":false},"excerpt":{"rendered":"<p>La\u00ebtitia Verry, psychologue et sexologue passionn\u00e9e, je travaille avec une approche humaine et bienveillante. Dipl\u00f4m\u00e9e en psychologie et en sexologie, j&rsquo;accompagne mes patients avec une \u00e9coute active et un engagement authentique. Mon objectif est de cr\u00e9er un espace s\u00fbr et respectueux o\u00f9 chacun peut explorer et surmonter ses d\u00e9fis personnels, relationnels et\/ou sexuels. Forte d&rsquo;une [&hellip;]<\/p>\n","protected":false},"author":1,"featured_media":0,"parent":0,"menu_order":0,"comment_status":"closed","ping_status":"closed","template":"","meta":{"footnotes":""},"class_list":["post-480","page","type-page","status-publish","hentry"],"_links":{"self":[{"href":"https:\/\/lamariniere.be\/index.php\/wp-json\/wp\/v2\/pages\/480","targetHints":{"allow":["GET"]}}],"collection":[{"href":"https:\/\/lamariniere.be\/index.php\/wp-json\/wp\/v2\/pages"}],"about":[{"href":"https:\/\/lamariniere.be\/index.php\/wp-json\/wp\/v2\/types\/page"}],"author":[{"embeddable":true,"href":"https:\/\/lamariniere.be\/index.php\/wp-json\/wp\/v2\/users\/1"}],"replies":[{"embeddable":true,"href":"https:\/\/lamariniere.be\/index.php\/wp-json\/wp\/v2\/comments?post=480"}],"version-history":[{"count":5,"href":"https:\/\/lamariniere.be\/index.php\/wp-json\/wp\/v2\/pages\/480\/revisions"}],"predecessor-version":[{"id":805,"href":"https:\/\/lamariniere.be\/index.php\/wp-json\/wp\/v2\/pages\/480\/revisions\/805"}],"wp:attachment":[{"href":"https:\/\/lamariniere.be\/index.php\/wp-json\/wp\/v2\/media?parent=480"}],"curies":[{"name":"wp","href":"https:\/\/api.w.org\/{rel}","templated":true}]}}