{"id":828,"date":"2025-03-15T20:52:17","date_gmt":"2025-03-15T19:52:17","guid":{"rendered":"https:\/\/lamariniere.be\/?page_id=828"},"modified":"2025-03-15T20:56:50","modified_gmt":"2025-03-15T19:56:50","slug":"juliette-marechal","status":"publish","type":"page","link":"https:\/\/lamariniere.be\/index.php\/juliette-marechal\/","title":{"rendered":"Juliette MARECHAL"},"content":{"rendered":"\n<p>En tant que neuropsychologue, mon travail porte sur la cognition (capacit\u00e9s attentionnelles et intellectuelles, fonctions ex\u00e9cutives, m\u00e9moire, praxies) et son lien avec les comportements et les difficult\u00e9s rencontr\u00e9es au quotidien. Je porte \u00e9galement une attention particuli\u00e8re \u00e0 l\u2019entourage des patients pr\u00e9sentant des difficult\u00e9s. Mon travail s\u2019effectue en collaboration avec les parents, les enseignants, ainsi que les autres professionnels de la sant\u00e9.&nbsp;<\/p>\n\n\n\n<p>Dans l\u2019optique d\u2019apporter une prise en charge efficace, je me suis form\u00e9e en m\u00e9thodologie de travail ainsi qu\u2019en guidance parentale bas\u00e9e sur la m\u00e9thode Barkley afin d\u2019accompagner et d\u2019outiller les parents d\u2019enfants pr\u00e9sentant des difficult\u00e9s comportementales.<\/p>\n\n\n\n<p>Je propose&nbsp;:<\/p>\n\n\n\n<p>Pour les enfants et adolescents&nbsp;:<br><img decoding=\"async\" width=\"15\" height=\"15\" src=\"https:\/\/www.matherhappy.be\/wp-content\/uploads\/2021\/09\/puce.png\" alt=\"\">&nbsp;La r\u00e9alisation de bilans intellectuels, attentionnels, ex\u00e9cutifs et praxiques\u2009;<br><img decoding=\"async\" width=\"15\" height=\"15\" src=\"https:\/\/www.matherhappy.be\/wp-content\/uploads\/2021\/09\/puce.png\" alt=\"\">&nbsp;Une prise en charge des difficult\u00e9s attentionnelles \/ ex\u00e9cutives, un travail autour des \u00e9motions pour les jeunes enfants, un accompagnement pour am\u00e9liorer la m\u00e9thodologie de travail.<\/p>\n","protected":false},"excerpt":{"rendered":"<p>En tant que neuropsychologue, mon travail porte sur la cognition (capacit\u00e9s attentionnelles et intellectuelles, fonctions ex\u00e9cutives, m\u00e9moire, praxies) et son lien avec les comportements et les difficult\u00e9s rencontr\u00e9es au quotidien. Je porte \u00e9galement une attention particuli\u00e8re \u00e0 l\u2019entourage des patients pr\u00e9sentant des difficult\u00e9s. Mon travail s\u2019effectue en collaboration avec les parents, les enseignants, ainsi que [&hellip;]<\/p>\n","protected":false},"author":1,"featured_media":0,"parent":0,"menu_order":0,"comment_status":"closed","ping_status":"closed","template":"","meta":{"footnotes":""},"class_list":["post-828","page","type-page","status-publish","hentry"],"_links":{"self":[{"href":"https:\/\/lamariniere.be\/index.php\/wp-json\/wp\/v2\/pages\/828","targetHints":{"allow":["GET"]}}],"collection":[{"href":"https:\/\/lamariniere.be\/index.php\/wp-json\/wp\/v2\/pages"}],"about":[{"href":"https:\/\/lamariniere.be\/index.php\/wp-json\/wp\/v2\/types\/page"}],"author":[{"embeddable":true,"href":"https:\/\/lamariniere.be\/index.php\/wp-json\/wp\/v2\/users\/1"}],"replies":[{"embeddable":true,"href":"https:\/\/lamariniere.be\/index.php\/wp-json\/wp\/v2\/comments?post=828"}],"version-history":[{"count":2,"href":"https:\/\/lamariniere.be\/index.php\/wp-json\/wp\/v2\/pages\/828\/revisions"}],"predecessor-version":[{"id":832,"href":"https:\/\/lamariniere.be\/index.php\/wp-json\/wp\/v2\/pages\/828\/revisions\/832"}],"wp:attachment":[{"href":"https:\/\/lamariniere.be\/index.php\/wp-json\/wp\/v2\/media?parent=828"}],"curies":[{"name":"wp","href":"https:\/\/api.w.org\/{rel}","templated":true}]}}